 4*m. What is d(2)?
0
Let b(y) = 130*y + 135*y - 264*y - 2 + 17. Determine b(0).
15
Let t(u) = u**2 + 15*u + 14. Suppose 5*g - 3*g + 14 = -2*d, g - 4*d + 32 = 0. Calculate t(g).
-22
Let i = -13 + 9. Let h(f) = -f. Let p(q) = -3*q + 1. Let o(r) = i*h(r) + p(r). Suppose 7 = -b - 0*b. Determine o(b).
-6
Let y(k) = -2*k**2. Let l(u) = -7*u**3 - 2*u**2 + 2*u - 1. Let f(p) = l(p) - y(p). Give f(1).
-6
Suppose 2*n + 3*z + 18 = 0, -4*n - 3*z - z = 28. Let t(x) = 13*x**2 + 15*x - 19. Let w(y) = -7*y**2 - 8*y + 10. Let a(b) = 6*t(b) + 11*w(b). Calculate a(n).
-1
Let r(l) = l - 12. Let a(g) = -5*g - 56. Let m be a(-12). Suppose -m*v - 148 = -200. Determine r(v).
1
Let f(b) be the third derivative of -b**6/120 + b**5/12 - 2*b**3/3 - 4*b**2 - 87*b. Give f(5).
-4
Let r(y) be the third derivative of -y**6/120 + y**5/20 - y**4/24 + 2*y**3/3 + 35*y**2. Give r(3).
1
Suppose -18 = -3*j + b, 0 - 7 = j + 4*b. Let l = j + -2. Suppose l*o - 15 = -2*o. Let t(a) = 2*a**2 - 2*a + 2. What is t(o)?
14
Let j(f) be the third derivative of f**7/5040 + f**6/240 + 7*f**5/60 + 2*f**2 + 10. Let c(l) be the third derivative of j(l). Calculate c(-6).
-3
Suppose -2*x + 5 = b + 6, 0 = 3*b - 3*x - 15. Let m be 6 - (3 + -2) - b. Let o(n) = 2*n**3 - 2*n**2 + 3*n. Determine o(m).
14
Suppose -767 + 817 = 10*h. Let z(n) = -n**2 + 7*n + 7. Calculate z(h).
17
Suppose 3*w + 15 = 0, -4*d - w - 23 = 2*w. Let k(n) = 1 + 32*n - 49*n - n**2 + 15*n. Give k(d).
1
Let v = 6 - 12. Let h(x) be the first derivative of -x**6/120 - x**5/10 + 5*x**3/6 - 2*x**2 - 11. Let g(q) be the second derivative of h(q). What is g(v)?
5
Let m(t) = 12 - 17 + 3*t + t**2 + 2. Let q(v) = v**3 - 2*v**2 - 5*v + 5. Let y be q(2). Determine m(y).
7
Let u(t) = -3*t. Suppose 5*k - 4*k + 1 = 0. Let g be 35/(-20) - k/(-4). What is u(g)?
6
Suppose -21*u + 70 = 91. Let h(d) = 13*d - 1. Determine h(u).
-14
Let n(o) be the third derivative of o**4/8 - 2*o**3/3 - 20*o**2. Let u(d) = 13*d - 17. Let s(w) = -9*n(w) + 2*u(w). Determine s(0).
2
Let h(l) be the first derivative of -3*l**2 + 11*l + 366. Determine h(4).
-13
Let b(f) = 4 - 4 + 1 + 26*f - 31*f. Let z(r) = 2*r + 6. Let a be z(-4). Let o = -4 - a. Determine b(o).
11
Let j(k) = -18*k**2 + 15*k. Let z(y) = y**2 - y. Let h(a) = 3*j(a) + 45*z(a). Let w be 0/(-4) - (1 - 0). Determine h(w).
-9
Suppose 3*s + 9 - 23 = -5*k, -4*k + 6 = 5*s. Suppose k*n - 15 = -n. Let x(i) = i**3 - 4*i**2 + 4*i. Give x(n).
3
Let b(j) = -j**2 - 7*j - 19. Let r be b(-3). Let i(y) = -y**3 - 6*y**2 + 7*y - 6. Determine i(r).
-6
Suppose 0 = 7*l - 11*l + 20. Suppose -3*j + l*m = 24, 2*m + 7 - 4 = -3*j. Let t(r) = r**2 - 2*r + 4. Determine t(j).
19
Let q = 20 - 18. Suppose q*j + 18 = 5*j. Let o(i) = i - 8. What is o(j)?
-2
Let d(k) = -237*k**2 - 14 + 6*k + 2*k + 236*k**2. Determine d(7).
-7
Let d(y) = 5*y - 16. Let o(k) = 20*k - 47. Let u(m) = -m. Let i(f) = -o(f) - 6*u(f). Let x(r) = -11*d(r) - 4*i(r). Determine x(9).
-3
Let m(k) be the third derivative of -k**4/24 + 7*k**3/6 - 5*k**2. Let j be m(8). Let s(z) = -3*z**2 + 7*z**2 - 2*z**2 + 4*z**2 + 1. Calculate s(j).
7
Let c be (-11)/(-6) + 2/12. Let s(m) = 47*m - 5 - 47*m - m**3 + m**c. Let j be s(0). Let r(x) = -x**3 - 6*x**2 - x + 6. Determine r(j).
-14
Let k(v) be the second derivative of -v**4/12 + 17*v**3/6 - 15*v**2/2 - 58*v. Calculate k(16).
1
Let d be (-18)/(-24) - 9/(-4). Let t be 5 + (-6)/9*d. Let n(k) = -4*k**3 + 0*k**3 + 4*k**2 + 1 + 2*k + t*k**3 + 0. Give n(4).
9
Suppose 0*o - o - 8 = 0. Let c(r) = 20*r**2 + 21*r + 2. Let h(d) = -7*d**2 - 7*d - 1. Let w(y) = 6*c(y) + 17*h(y). Give w(o).
3
Suppose -20 = 4*l + l. Let k(f) = f**2 - 11*f - 11. Let t(g) = -g - 1. Let z(q) = l*t(q) + k(q). Give z(9).
11
Let x = -52 - -14. Let p = x + 42. Let u(i) = -22 - i**2 - 2*i + p*i + 21. What is u(2)?
-1
Suppose 2*y = -0*y + 28. Let d(s) = -17 + 3*s - y - s**2 + 27. Determine d(3).
-4
Let n = -5 - -9. Let u(b) = 3*b**3 - 4*b**2 + 2*b - 7. Let a(v) = 16*v**3 - 20*v**2 + 11*v - 36. Let x(p) = 2*a(p) - 11*u(p). Calculate x(n).
5
Let w(y) = -23*y + 25*y - 5 - 10*y**2 + 0. Let f(g) = 7*g**2 - g + 3. Let o(v) = 7*f(v) + 5*w(v). Calculate o(3).
-4
Let k(p) = p - 1. Let m(v) = -5*v - 10. Let a(o) = 10*o + 19. Let x(c) = 4*a(c) + 7*m(c). Let i(w) = 6*k(w) - x(w). Calculate i(6).
-6
Let h(u) = 2*u**2 - 3*u. Let g be h(2). Let q(a) = -14 - 10*a - 14 + 26 - a**g. Determine q(-10).
-2
Let z(v) = -2*v + 10. Suppose -13*s + 42*s = 145. Give z(s).
0
Let p be -1*(-2 - (-5 - -2)). Let a(w) = -w**3 + w**2 - 2*w - 1. Let k(c) = 4*c**3 + c**2 + 6*c + 1. Let y(b) = p*k(b) - 3*a(b). Give y(-4).
2
Let q(g) = -g**3 + 5*g**2 + 5*g + 8. Let w(c) = -5*c + 40. Let r be w(9). Let j be 2 + 3 + (-5)/r. Calculate q(j).
2
Suppose -4*p = -5 - 7. Suppose 8 = -w + p*w + n, 0 = w + 5*n - 22. Let f(c) be the second derivative of 5*c**3/6 - 3*c**2/2 - 64*c. Calculate f(w).
7
Let n(v) = v**3 + v**2. Let m(x) = 6*x - 18. Let g be m(3). Let p be 3/(-9)*(-30)/2. Suppose 12 = 5*d - o + 3*o, g = -4*d + p*o + 3. Give n(d).
12
Let j(q) = q**3 + 8*q**2 - 2*q - 12. Let z be j(-8). Let a be 22/z - 3/(-6). Suppose 14 + a = 4*n. Let i(c) = -c + 3. Give i(n).
-2
Let m be 12*((-352)/448 + 2/7). Let y(l) = -2*l - 4. Give y(m).
8
Let d be (-1)/4 + 8/((-192)/(-54)). Suppose 3*h - d*p = -6, -p = 3*h - 2*p + 3. Let i(k) = k**2 + k - 16. Calculate i(h).
-16
Let u(w) = -2*w**2 + 10*w + 32. Let p(d) = d**2 - 6*d - 15. Let z(t) = -5*p(t) - 2*u(t). Calculate z(11).
0
Let v(u) be the third derivative of 0 + 1/3*u**3 - 1/12*u**5 + 11*u**2 + 0*u - 1/120*u**6 + 5/24*u**4. What is v(-6)?
8
Suppose c - 4 = -5*p, -3*p = -6*p - 4*c - 1. Let i(h) = -4*h**2 + 2*h - 5*h**2 - h. What is i(p)?
-8
Let s(g) = 2*g**2 + 14*g + 1. Let k(m) = -m**2 - 5*m - 1. Let h(l) = 3*k(l) + s(l). Determine h(4).
-22
Let h(i) = -i**2 + i - 1. Suppose 4*l + l + 5 = 0. Let t(r) = r**2 + r - 4. Let m(q) = l*t(q) + 3*h(q). What is m(-1)?
-5
Let o be (-5)/(5/(-28)) - (-27)/(-9). Let z(l) = 12 + l + 20 - o. What is z(-6)?
1
Let w(k) = k**2 + 5*k - 39. Let d be w(4). Let a(j) = j**3 + 2*j**2 - 2*j. Give a(d).
-3
Let a(y) be the first derivative of 1/3*y**3 + 16 + y - 3/2*y**2. What is a(3)?
1
Let m = 35 + -24. Suppose 3*i + 5*o = 2*i + m, -o - 1 = 0. Suppose -q + 0*q - 6 = 3*s, -4*s - i = 0. Let y(f) = -f**2 + 3*f + 5. Determine y(q).
-13
Let j(h) = -h**3 + h**2 - h + 2. Let p(w) = -2*w + 9. Let k be p(-10). Suppose 5 - k = -3*b. Let i = b + -6. Give j(i).
-4
Suppose n + 21 = -2*p + 11, 1 = p - n. Let k(h) = h + 6. Let f(b) = b + 6. Let l(c) = -4*f(c) + 5*k(c). Determine l(p).
3
Let v = -74 - -243. Suppose 4*t + 161 = v. Let c(q) = q - 2. What is c(t)?
0
Let d(u) be the first derivative of 1/4*u**4 + 8 + 3*u + u**3 - 2*u**2. Calculate d(-4).
3
Let n(w) = w**3 - 2*w**2 + 8*w - 3. Let b(m) = -m**3 - 10*m + 4. Let g(j) = 3*b(j) + 4*n(j). Suppose 2*s = -3*s + 40. Give g(s).
16
Let t(w) = 6*w**3 - 10*w**2 + 14*w + 5. Let n(z) = -5*z**3 + 10*z**2 - 13*z - 5. Let y(s) = 5*n(s) + 4*t(s). Determine y(9).
-5
Let j(m) = -m**2 + 5*m - 5. Suppose 0 = -13*n + 8*n + 45. Let g = 12 - n. Suppose 2*p + 2*p - 32 = -g*i, -2*i + 3*p - 7 = 0. Calculate j(i).
-1
Let x(f) = -11*f + f**2 - 24 + 0*f**2 - 23 + 50. Give x(11).
3
Let r(s) = -s**2 + s + 7. Let n(p) = 2*p - 1. Let v(z) = -2*n(z) - r(z). What is v(8)?
19
Let h(k) = 2*k**2 - k. Let v be h(-1). Suppose -v*u + g + g + 14 = 0, 5*u - 21 = g. Let o(c) = -2 - 10*c - u*c + 1 + 0. Determine o(-1).
13
Let j(m) = -2*m + 27. Let q = 1606 - 1587. Calculate j(q).
-11
Suppose 4*r = r + 3*g + 18, 0 = 2*r + 4*g - 24. Suppose 4*l - r = v, -2*l + 5*l = 0. Let q(o) = -o - 6. Determine q(v).
2
Let a(n) be the third derivative of n**6/120 - n**5/12 + n**3/2 + n**2. Let z(w) = 10*w - 21. Let d be z(-5). Let i = -66 - d. Determine a(i).
3
Suppose -33 = -2*d - 5*k, -d + 5*k + 100 = 4*d. Let p(t) = 21 - t**2 - d + t + 6*t - 5*t. Determine p(4).
-6
Let o = -610 + 611. Let q(n) = -n**3 + 3*n**2 - n. Give q(o).
1
Suppose 2*j - 3 = 3*o, 3*j = 4*o + 8*j + 27. Let c(b) = -2*b**2 - 2*b + 3. Calculate c(o).
-9
Suppose 0 = -76*d + 47*d + 87. Let p(b) = 6*b**3 + b**2 + 9*b - 4. Let q(m) = 5*m**3 + 8*m - 4. Suppose 9 - 4 = -l. Let s(u) = l*q(u) + 4*p(u). What is s(d)?
1
Let b(d) be the third derivative of 0 - 20*d**2 + 1/60*d**5 + 1/3*d**3 + 0*d + 1/4*d**4. Give 